ase 16) to base 5.
343
-2 (base 16) to base 8
-2
Convert -13 (base 4) to base 3.
-21
Convert 38 (base 15) to base 7.
104
What is 0 (base 5) in base 10?
0
Convert -4 (base 8) to base 7.
-4
Convert -1155 (base 6) to base 14.
-167
-4 (base 5) to base 10
-4
1011 (base 2) to base 11
10
-4 (base 9) to base 11
-4
-20 (base 6) to base 13
-c
8 (base 9) to base 13
8
Convert -100 (base 4) to base 7.
-22
What is -c (base 15) in base 6?
-20
What is 60 (base 10) in base 5?
220
Convert -3 (base 12) to base 3.
-10
Convert -2a (base 13) to base 6.
-100
What is -16 (base 16) in base 4?
-112
What is 18 (base 11) in base 7?
25
Convert 0 (base 9) to base 15.
0
Convert 109 (base 10) to base 14.
7b
Convert -2b (base 13) to base 10.
-37
What is -a (base 16) in base 15?
-a
Convert 186 (base 9) to base 5.
1114
Convert 0 (base 2) to base 9.
0
What is 0 (base 3) in base 6?
0
What is 74 (base 15) in base 8?
155
92 (base 11) to base 12
85
What is -1010 (base 2) in base 4?
-22
What is b7 (base 12) in base 4?
2023
Convert -10 (base 14) to base 3.
-112
-11 (base 5) to base 6
-10
Convert -1011110 (base 2) to base 8.
-136
Convert 4 (base 16) to base 10.
4
What is 44 (base 12) in base 6?
124
-4 (base 10) to base 6
-4
Convert -4 (base 10) to base 5.
-4
b (base 14) to base 7
14
What is -2 (base 16) in base 9?
-2
What is b (base 13) in base 3?
102
What is 11101 (base 2) in base 11?
27
1 (base 11) to base 13
1
121 (base 8) to base 12
69
Convert 0 (base 8) to base 2.
0
Convert 11 (base 15) to base 5.
31
What is -5 (base 10) in base 5?
-10
Convert -12 (base 3) to base 11.
-5
3 (base 14) to base 8
3
160 (base 10) to base 6
424
Convert -33 (base 8) to base 13.
-21
What is 1110000 (base 2) in base 12?
94
Convert 1 (base 11) to base 10.
1
Convert 1 (base 11) to base 2.
1
What is 23 (base 4) in base 16?
b
What is -133 (base 4) in base 9?
-34
Convert 41 (base 16) to base 14.
49
Convert 167 (base 9) to base 4.
2032
What is -102 (base 13) in base 15?
-b6
0 (base 13) to base 6
0
What is 8 (base 16) in base 7?
11
Convert -61 (base 16) to base 7.
-166
What is 36 (base 7) in base 11?
25
Convert 231 (base 4) to base 6.
113
Convert -3 (base 16) to base 13.
-3
Convert -86 (base 9) to base 16.
-4e
What is -12 (base 7) in base 3?
-100
-2 (base 12) to base 3
-2
What is -12 (base 6) in base 15?
-8
What is 0 (base 2) in base 11?
0
Convert -a (base 15) to base 3.
-101
Convert 18 (base 15) to base 6.
35
What is 145 (base 9) in base 6?
322
-120 (base 4) to base 5
-44
What is 110 (base 3) in base 12?
10
Convert 145 (base 9) to base 13.
95
10010 (base 2) to base 16
12
301 (base 8) to base 5
1233
What is -2 (base 16) in base 5?
-2
What is -17 (base 11) in base 12?
-16
What is -119 (base 12) in base 10?
-165
-28 (base 9) to base 2
-11010
8 (base 10) to base 5
13
34 (base 8) to base 11
26
Convert -11 (base 4) to base 7.
-5
What is -3 (base 6) in base 15?
-3
Convert -236 (base 7) to base 14.
-8d
Convert 9 (base 12) to base 14.
9
What is -ba (base 13) in base 2?
-10011001
Convert -51 (base 8) to base 16.
-29
What is 5 (base 10) in base 7?
5
Convert -31 (base 4) to base 6.
-21
139 (base 10) to base 11
117
Convert -10 (base 8) to base 6.
-12
269 (base 11) to base 2
100111101
What is -1011110 (base 2) in base 12?
-7a
-23 (base 13) to base 5
-104
-a0 (base 14) to base 11
-118
What is -1020 (base 4) in base 15?
-4c
What is 21 (base 10) in base 16?
15
Convert 102 (base 7) to base 8.
63
What is -110 (base 4) in base 11?
-19
What is -11 (base 5) in base 14?
-6
What is -441 (base 6) in base 12?
-121
What is 2 (base 13) in base 12?
2
What is 1010111 (base 2) in base 13?
69
What is -57 (base 12) in base 4?
-1003
Convert -2 (base 10) to base 9.
-2
What is 144 (base 6) in base 9?
71
Convert 1050 (base 7) to base 13.
231
What is 3 (base 4) in base 9?
3
Convert 1 (base 5) to base 11.
1
-13 (base 6) to base 2
-1001
Convert -5 (base 6) to base 10.
-5
14a (base 15) to base 3
101221
-2 (base 6) to base 8
-2
-3 (base 11) to base 10
-3
What is -5 (base 10) in base 13?
-5
-122 (base 6) to base 12
-42
11 (base 2) to base 15
3
Convert 1 (base 13) to base 6.
1
Convert -232 (base 4) to base 7.
-64
What is -4 (base 11) in base 12?
-4
What is -3 (base 7) in base 9?
-3
Convert c2 (base 16) to base 10.
194
Convert -233 (base 5) to base 3.
-2112
-5e (base 16) to base 4
-1132
29 (base 16) to base 8
51
What is 200 (base 8) in base 2?
10000000
Convert e (base 15) to base 7.
20
Convert 3 (base 4) to base 11.
3
Convert 10012 (base 3) to base 5.
321
Convert -18 (base 10) to base 3.
-200
Convert 100 (base 3) to base 7.
12
What is -23 (base 13) in base 3?
-1002
-b (base 14) to base 16
-b
Convert -227 (base 8) to base 14.
-ab
Convert 1 (base 2) to base 15.
1
5 (base 15) to base 11
5
What is 200 (base 4) in base 5?
112
Convert 1 (base 6) to base 3.
1
What is -25 (base 16) in base 11?
-34
Convert -1b (base 14) to base 8.
-31
Convert -a3 (base 16) to base 5.
-1123
What is -272 (base 8) in base 14?
-d4
1b (base 16) to base 15
1c
Convert -22 (base 11) to base 9.
-26
Convert -104 (base 5) to base 16.
-1d
9 (base 10) to base 2
1001
20120 (base 3) to base 14
c9
-95 (base 12) to base 15
-78
Convert -75 (base 10) to base 2.
-1001011
What is -11 (base 3) in base 15?
-4
Convert -2 (base 6) to base 5.
-2
What is 15 (base 6) in base 8?
13
Convert 5 (base 6) to base 10.
5
Convert 16 (base 11) to base 9.
18
What is -23 (base 4) in base 11?
-10
333 (base 7) to base 12
123
10 (base 4) to base 9
4
What is 121 (base 4) in base 16?
19
What is -2 (base 12) in base 15?
-2
Convert -30 (base 4) to base 16.
-c
3233 (base 4) to base 14
131
Convert -405 (base 6) to base 8.
-225
4 (base 16) to base 6
4
What is -18 (base 12) in base 5?
-40
Convert -16 (base 7) to base 2.
-1101
11 (base 7) to base 12
8
117 (base 9) to base 14
6d
What is -214 (base 5) in base 15?
-3e
What is -1b (base 14) in base 4?
-121
-312 (base 8) to base 10
-202
Convert 128 (base 12) to base 14.
c8
What is -22 (base 11) in base 4?
-120
Convert -43 (base 5) to base 6.
-35
Convert 4 (base 13) to base 2.
100
What is 0 (base 8) in base 16?
0
Convert -1000 (base 2) to base 3.
-22
Convert -3 (base 15) to base 12.
-3
3 (base 16) to base 9
3
1f (base 16) to base 4
133
2 (base 9) to base 15
2
-1 (base 3) to base 15
-1
What is -3 (base 13) in base 6?
-3
Convert -1000 (base 2) to base 10.
-8
What is -40 (base 16) in base 9?
-71
Convert 112 (base 4) to base 2.
10110
Convert -230 (base 5) to base 11.
-5a
Convert 95 (base 12) to base 9.
135
Convert -100 (base 2) to base 5.
-4
2b (base 15) to base 2
101001
What is -43 (base 13) in base 5?
-210
1 (base 16) to base 6
1
6 (base 14) to base 9
6
What is -7 (base 10) in base 13?
-7
What is 7 (base 14) in base 16?
7
210 (base 5) to base 15
3a
What is -21 (base 14) in base 16?
-1d
-324 (base 5) to base 10
-89
What is 2 (base 15) in base 7?
2
What is 80 (base 11) in base 12?
74
-15 (base 11) to base 5
-31
What is -3d (base 15) in base 7?
-112
What is 1 (base 14) in base 12?
1
What is 43 (base 5) in base 10?
23
Convert 0 (base 12) to base 8.
0
What is 3 (base 10) in base 6?
3
-1 (base 15) to base 12
-1
Convert 21 (base 12) to base 9.
27
a6 (base 11) to base 16
74
Convert 5 (base 7) to base 11.
5
10 (base 3) to base 16
3
Convert -10010 (base 2) to base 5.
-33
What is 1 (base 9) in base 11?
1
What is -1000 (base 4) in base 6?
-144
Convert -2 (base 15) to base 10.
-2
Convert 1122 (base 6) to base 4.
10022
What is -17 (base 12) in base 15?
-14
Convert -47 (base 11) to base 12.
-43
What is -12 (base 14) in base 11?
-15
-ba (base 15) to base 14
-c7
Convert -11 (base 2) to base 7.
-3
Convert 16 (base 15) to base 14.
17
Convert -1 (base 7) to base 14.
-1
What is -100 (base 10) in base 16?
-64
Convert -3 (base 7) to base 8.
-3
2013 (base 5) to base 13
16b
Convert 1 (base 6) to base 9.
1
0 (base 4) to base 7
0
12 (base 5) to base 8
7
Convert -12 (base 13) to base 10.
-15
-70 (base 13) to base 10
-91
152 (base 7) to base 12
72
Convert -6 (base 14) to base 8.
-6
Convert 0 (base 9) to base 6.
0
What is 3 (base 4) in base 6?
3
What is 233 (base 7) in base 14?
8a
What is -3 (base 13) in base 7?
-3
Convert 1 (base 16) to base 7.
1
What is -2 (base 5) in base 11?
-2
Convert -3 (base 4) to base 14.
-3
Convert 0 (base 15) to base 3.
0
What is -3 (base 5) in base 6?
-3
Convert -36 (base 9) to base 8.
-